399 and 49?
49
Calculate the highest common factor of 1078 and 616.
154
Calculate the greatest common factor of 2794 and 11.
11
Calculate the highest common factor of 98 and 147.
49
Calculate the greatest common divisor of 8 and 32288.
8
Calculate the highest common divisor of 72 and 648.
72
What is the highest common factor of 74 and 222?
74
Calculate the greatest common factor of 145 and 29.
29
Calculate the highest common divisor of 13 and 65.
13
Calculate the highest common factor of 13 and 1313.
13
What is the highest common divisor of 61 and 793?
61
Calculate the highest common factor of 19 and 247.
19
What is the greatest common factor of 1589 and 21?
7
What is the highest common factor of 3781 and 57?
19
What is the highest common divisor of 969 and 684?
57
Calculate the greatest common divisor of 154 and 22.
22
Calculate the greatest common divisor of 784 and 28.
28
Calculate the greatest common divisor of 11 and 41.
1
What is the highest common divisor of 34 and 2057?
17
Calculate the greatest common factor of 26353 and 73.
73
Calculate the highest common divisor of 19 and 209.
19
What is the highest common factor of 102 and 1870?
34
What is the highest common factor of 949 and 219?
73
Calculate the highest common divisor of 157 and 4867.
157
Calculate the greatest common factor of 20 and 1828.
4
What is the highest common factor of 49911 and 786?
393
Calculate the highest common divisor of 287 and 41.
41
What is the greatest common divisor of 4 and 676?
4
What is the greatest common factor of 508 and 1397?
127
What is the greatest common divisor of 750 and 60?
30
Calculate the highest common divisor of 624 and 16.
16
Calculate the greatest common divisor of 40 and 120.
40
Calculate the highest common factor of 4366 and 148.
74
What is the greatest common factor of 2319 and 15?
3
Calculate the greatest common divisor of 85 and 15.
5
Calculate the highest common factor of 81 and 675.
27
What is the highest common factor of 8004 and 12?
12
What is the greatest common divisor of 83 and 166?
83
What is the greatest common divisor of 575 and 667?
23
Calculate the greatest common divisor of 2652 and 36.
12
What is the greatest common divisor of 925 and 100?
25
Calculate the highest common divisor of 322 and 350.
14
Calculate the highest common factor of 899 and 319.
29
What is the highest common divisor of 228 and 969?
57
What is the highest common divisor of 319 and 2958?
29
Calculate the greatest common divisor of 1391 and 107.
107
Calculate the greatest common divisor of 26 and 11167.
13
Calculate the greatest common divisor of 35 and 140.
35
What is the highest common factor of 300 and 36?
12
Calculate the greatest common factor of 480 and 8040.
120
Calculate the highest common factor of 891 and 22.
11
Calculate the greatest common divisor of 31 and 31.
31
Calculate the highest common factor of 420 and 10815.
105
What is the highest common divisor of 192 and 672?
96
What is the highest common divisor of 64 and 224?
32
What is the highest common factor of 47637 and 201?
201
What is the highest common factor of 378 and 7?
7
Calculate the greatest common factor of 610 and 20.
10
What is the greatest common factor of 6 and 19974?
6
What is the highest common divisor of 3442 and 6?
2
Calculate the highest common factor of 504 and 192.
24
What is the highest common divisor of 5760 and 40?
40
Calculate the greatest common divisor of 472 and 2183.
59
Calculate the greatest common divisor of 1510 and 10.
10
What is the highest common divisor of 248 and 3100?
124
What is the greatest common divisor of 3 and 237?
3
Calculate the highest common divisor of 3515 and 665.
95
Calculate the highest common factor of 50 and 2270.
10
What is the highest common divisor of 67 and 1139?
67
Calculate the highest common factor of 325 and 1235.
65
What is the greatest common divisor of 768 and 96?
96
Calculate the greatest common factor of 475 and 1140.
95
Calculate the greatest common divisor of 405 and 5.
5
What is the greatest common divisor of 17875 and 125?
125
What is the highest common factor of 651 and 5952?
93
Calculate the highest common divisor of 1376 and 86.
86
What is the highest common divisor of 2236 and 13?
13
Calculate the highest common divisor of 21953 and 29.
29
What is the highest common divisor of 26 and 13?
13
What is the greatest common divisor of 15532 and 44?
44
Calculate the highest common divisor of 117 and 441.
9
What is the greatest common divisor of 13 and 4589?
13
Calculate the highest common factor of 620 and 340.
20
Calculate the greatest common factor of 2272 and 142.
142
What is the greatest common factor of 1678 and 4?
2
What is the greatest common factor of 129 and 53578?
43
Calculate the highest common divisor of 32 and 16.
16
What is the greatest common divisor of 1113 and 14?
7
Calculate the greatest common divisor of 26 and 182.
26
Calculate the highest common factor of 154 and 4543.
77
Calculate the greatest common divisor of 52 and 2652.
52
Calculate the highest common factor of 595 and 7973.
119
Calculate the greatest common factor of 33 and 517.
11
What is the greatest common divisor of 15 and 30?
15
Calculate the greatest common factor of 240 and 78.
6
Calculate the greatest common factor of 6 and 85.
1
What is the greatest common divisor of 315 and 1155?
105
Calculate the highest common divisor of 84 and 21.
21
What is the greatest common divisor of 18607 and 69?
23
Calculate the greatest common divisor of 2058 and 42.
42
Calculate the highest common factor of 1672 and 456.
152
Calculate the highest common factor of 5 and 220.
5
What is the highest common factor of 405 and 90?
45
What is the highest common divisor of 62 and 527?
31
What is the highest common divisor of 256 and 80?
16
Calculate the greatest common factor of 36 and 5004.
36
Calculate the highest common divisor of 208 and 16.
16
What is the greatest common factor of 189 and 27?
27
What is the greatest common divisor of 6984 and 216?
72
Calculate the highest common factor of 1590 and 480.
30
What is the greatest common factor of 9 and 7344?
9
What is the greatest common factor of 56 and 8092?
28
What is the highest common factor of 616 and 16?
8
What is the greatest common factor of 13902 and 84?
42
Calculate the highest common divisor of 44 and 836.
44
What is the highest common factor of 6370 and 260?
130
What is the highest common divisor of 20 and 3650?
10
What is the highest common factor of 403 and 13?
13
What is the greatest common factor of 120 and 78?
6
Calculate the greatest common divisor of 99 and 90.
9
Calculate the greatest common factor of 1170 and 690.
30
What is the highest common divisor of 332 and 83?
83
Calculate the highest common divisor of 18 and 4.
2
Calculate the highest common divisor of 825 and 9350.
275
What is the greatest common divisor of 183 and 3?
3
Calculate the greatest common factor of 7 and 7119.
7
Calculate the highest common divisor of 360 and 576.
72
Calculate the highest common divisor of 114 and 2424.
6
Calculate the highest common divisor of 635 and 5588.
127
What is the highest common factor of 18 and 96?
6
Calculate the highest common factor of 3682 and 42.
14
Calculate the highest common divisor of 78 and 10049.
13
What is the highest common divisor of 120 and 1310?
10
What is the greatest common factor of 2100 and 154?
14
Calculate the greatest common divisor of 2097 and 466.
233
What is the greatest common divisor of 36 and 2556?
36
What is the greatest common factor of 5 and 60?
5
What is the highest common divisor of 9 and 3?
3
What is the highest common divisor of 90 and 10?
10
What is the greatest common factor of 341 and 1767?
31
What is the greatest common factor of 28 and 966?
14
What is the highest common factor of 136 and 2176?
136
What is the greatest common factor of 4 and 16?
4
Calculate the greatest common divisor of 56 and 29288.
56
What is the greatest common factor of 105 and 29925?
105
Calculate the highest common factor of 12 and 6216.
12
Calculate the greatest common factor of 16 and 1256.
8
What is the greatest common divisor of 15 and 2285?
5
What is the greatest common factor of 13351 and 507?
169
What is the highest common divisor of 440 and 165?
55
Calculate the highest comm